ermine u(a).
30
Suppose 0 = 2*z + 5*r + 16, -2*r = 4*z - 0*r. Suppose -o = -w - z, -4*o - 14*w = -12*w - 14. Let p(m) = 3*m**2 - 3*m - 1. Calculate p(o).
17
Let s(u) = -u**3 - 9*u**2 - 14*u - 4. Suppose h + 4*h = -5*f + 20, -5*h = -5*f + 30. Let o be (h - (-30)/(-5)) + 0. Determine s(o).
-4
Let r be 2*(-1)/(5/(-25)). Suppose -2*k + 5*z - r + 29 = 0, 2*k + 5*z = -31. Let y(n) = -n**3 - 6*n**2 + 1. What is y(k)?
-26
Let z(x) = -73*x + 771. Let y be z(11). Let g(u) = -u**2 - 34*u - 68. Calculate g(y).
-4
Let b(p) = -19*p - 7. Let y = 4186 + -4182. What is b(y)?
-83
Let i(o) = -25 - 15 + 28*o - 2 + 6 + 2*o. Give i(1).
-6
Let b(r) = 28. Let p(o) = 9*o - 56. Let i(j) = -2*b(j) + p(j). Determine i(12).
-4
Let y = 194 - 189. Let x be (18/y - 4)*5. Let o(t) = -3*t**2 + t. What is o(x)?
-14
Let g(l) = 6*l + 1. Suppose -20*m = 271 - 51. Let y be (m + 1)/(-5) + 2. Determine g(y).
25
Let w be 24/40 + 3/(-5) - -8. Let c(u) = 2*u**3 + 8*u + 9. Let t(y) = -3*y**3 + y**2 - 13*y - 14. Let g(b) = w*c(b) + 5*t(b). Give g(-4).
22
Let d(f) = -f**2 + 23*f + 469. Let b be d(36). Let r(c) = 2*c + 12*c - 5*c. Determine r(b).
9
Let w(p) = 4*p**2 + 108*p + 604. Let t be w(-19). Let b(y) = 3*y**2 + 10*y + 4. Give b(t).
12
Suppose -3*m - p - 1 = 0, -25*m = -20*m + 3*p - 5. Let k(z) = -5*z - 6. Calculate k(m).
4
Let y(i) = i**2 - 25*i + 120. Let p = -2692 + 2711. Give y(p).
6
Suppose 2*f + 2*u - 20 = 0, -6*f + 4*f = -2*u - 24. Let m(b) = 3*b**2 - 29*b - 46. Calculate m(f).
-2
Let w(y) be the first derivative of -y**6/360 + 7*y**5/120 - y**4/3 - 22*y**3 + 123. Let a(v) be the third derivative of w(v). Give a(6).
-2
Let q(v) = -7*v**2 + 112*v - 4. Let l = -2428 + 2444. Give q(l).
-4
Suppose -18*n + 16*n = -2*p, 4*n - 6 = p. Let l(s) = -3*s**2 + 6*s**2 - 15*s + 8 - 3*s**2 + s**n. Calculate l(15).
8
Let a(o) = 10*o**3 + 14 - 5*o**3 - 4*o**3 - 21 + 6*o**2 + 6*o**2 + 10*o. Let t(s) = s**3 + 6*s**2 + 2*s + 1. Let r = 15 - 21. Let m be t(r). Calculate a(m).
4
Suppose -q = h - 0*q + 9, 3*h - 5*q = -11. Let t(i) = 7*i + 6. Suppose 18*b - 78 - 12 = 0. Let r(u) = -16*u - 12. Let x(s) = b*t(s) + 2*r(s). Determine x(h).
-15
Let f(x) = -91*x - 80*x + 264*x + x**3 - 9*x**2 - 5 - 82*x. What is f(8)?
19
Suppose 293 = -1502*b + 1209*b. Let l(g) = g**2 + 2*g + 3. Give l(b).
2
Let i(m) = 80 + 45*m + 33*m + 30*m + 11 - 101*m. What is i(-14)?
-7
Let p(l) = 13*l**2 - 15*l - 180. Let u(w) = 10*w**2 - 14*w - 134. Let j(i) = -3*p(i) + 4*u(i). Suppose -g + 37 = 4*z, 4*z - 11 = 2*z - 3*g. What is j(z)?
-6
Suppose 102*g - 106*g + 24 = -5*b, 2*b = 3*g - 18. Let o(k) be the third derivative of 4/3*k**3 + 14*k**2 + 0 + b*k - 1/6*k**4. Give o(6).
-16
Let m(v) = -v**3 + 7*v**2 - 10*v + 9. Let s be ((-279)/27 - -9)*9/(-2). Let i be m(s). Let w(y) = -y - 12. What is w(i)?
3
Let v(k) = -1 - k - 5*k + 45 - 83. Determine v(-7).
3
Let j = 908 + -909. Let h(k) = -2*k**3 - 6*k - 6. What is h(j)?
2
Let c(g) be the third derivative of g**6/120 - 2*g**5/15 - g**4/3 - 4*g**3/3 + 620*g**2. Let y = 9 + 0. Determine c(y).
1
Let u = -5577 - -5575. Let s(t) = 12*t + 3. Determine s(u).
-21
Suppose -3*c - 345 = -5*p - 362, -2*c + 13 = -5*p. Let l(h) be the third derivative of 0*h + 1/6*h**3 + 2*h**2 + 0 + 3/8*h**4. Give l(p).
-8
Let v(w) = 3*w**2 + 79*w - 193. Let x(k) = 2*k**2 + 40*k - 88. Let a(m) = -3*v(m) + 5*x(m). Determine a(33).
7
Let n(f) = -f**3 + 6*f**2 - 4*f + 1. Let b = -2 - -2. Let d(j) = -3*j + 5. Let z be d(b). Let p be n(z). Let t(q) = -q**3 + 5*q**2 + 6*q + 4. What is t(p)?
4
Let l be (2 - (-1 + 2 + 1))/(-2). Let h(w) = 1. Let o(q) = q**3 - 17. Let g(a) = a**3 + a**2 - 4*a - 3. Let s be g(-2). Let c(t) = s*h(t) - o(t). What is c(l)?
18
Let q(a) = 58 - 31*a - 9*a + 47*a - 8*a. Determine q(13).
45
Suppose -50 = 31*s - 391. Let w(x) = 2 - 4*x - 5*x + s*x + 0*x**2 - 3*x**2 + 2*x**2. What is w(-2)?
-6
Let f(b) be the second derivative of -13*b + 0*b**2 + 3/4*b**4 - 1/120*b**6 + 0 + 0*b**3 + 1/120*b**5. Let w(z) be the third derivative of f(z). Give w(1).
-5
Let k(z) = -z**3 + 5*z**2 + 9*z - 5. Let a be k(6). Suppose -77 = 7*l + 4*l. Let t be (-1)/l - a/91. Let b(v) = v - 6. What is b(t)?
-6
Suppose o = -o - 5*k + 32, -5*k = -10. Suppose w - 12 = -o*w. Let r(j) = 3*j**3 + j**2 - j. Calculate r(w).
3
Let n = 96 - 90. Let a(h) = 5*h**2 + 7*h + 2. Let x(l) = -9*l**2 - 13*l - 4. Let w(q) = n*x(q) + 11*a(q). Let g(m) = -m + 13. Let p be g(15). Calculate w(p).
4
Let g(s) be the second derivative of -s**5/20 + 5*s**4/12 + s**3/2 + 13*s**2/2 + 472*s - 1. What is g(6)?
-5
Let f(w) = 0*w**2 - 8*w - 15*w**2 + 0*w**2 + 17*w**2 - 1. What is f(-5)?
89
Let b(o) = o**3 + 7*o**2 - 6*o + 10. Suppose 0 = -36*c + 33*c + 5*p - 24, 8 = -c + p. What is b(c)?
-6
Suppose 43 = 7*d - 48. Let u(r) = -r + 2*r - d - r + 0*r - r. Calculate u(-7).
-6
Let o(q) = q**2 - 2*q. Suppose u + 19 = 3*u - 3*b, -u + 2*b = -9. Let g(j) = 19 - 2*j + 4*j - 10 + u. Let d be g(-8). Give o(d).
8
Let f be (-6)/12*-54 - 32. Let d(q) = -q**2 + 3*q - 1. Let a(u) = u**2 - 3*u. Let h(l) = 4*a(l) + 5*d(l). Calculate h(f).
-45
Let p(f) = -f**2. Let d(t) = 4*t**2 + 16*t - 24. Let h be d(-6). Suppose -98*u - h = -106*u. Calculate p(u).
-9
Let m(j) = 32*j + 1753. Let h be m(-55). Let r(u) = u**3 + 5*u**2 - 15*u - 4. Calculate r(h).
3
Let f = 60 - 60. Let v(s) = -64 + 32 + f*s + 30 + 5*s. What is v(3)?
13
Let o = -2 + 3. Let d be 10/5 - (10 + -11). Let x(w) = -6*w + 10*w - d*w - 10*w. Give x(o).
-9
Suppose 7*l - 2*l + 25 = 0. Let n(q) = 1. Let f(s) = 7*s + 15. Let p(a) = -f(a) + 4*n(a). Let u(i) = -3*i - 6. Let h(v) = 2*p(v) - 5*u(v). Determine h(l).
3
Let i(z) = -z**3 + 25*z**2 - 24*z + 3. Let f be i(24). Let a(y) = 2*y**2 - 122*y**f + 124*y**3 - 2*y + 0*y + 1. What is a(2)?
21
Let h(s) = 2*s**2 + 29*s - 41. Let m be (-12)/10*3480/261. Calculate h(m).
7
Let z(w) = -7*w**3 + 22*w**2 - 27*w - 21. Let i(a) = 5*a**3 - a**2 + a - 1. Let c(t) = -i(t) - z(t). What is c(9)?
13
Let i(z) = -z**3 + 4*z**2 + 5*z. Let n = -425 - -397. Let g be -11 + n/(-4) + 9. Determine i(g).
0
Let o(r) be the second derivative of -r**4/12 - r**3/6 - 33*r**2/2 + r. Let k be 4/(-30) + 88/660. Give o(k).
-33
Let c = 1103 + -1106. Let x(y) = -11*y - 37. Let q be x(c). Let b(t) = -t**2 - t - 2. Let u(i) = -3*i**2 - 3*i - 5. Let g(r) = 8*b(r) - 3*u(r). Determine g(q).
11
Suppose -2*t + 0*t - 5*s + 50 = 0, -3*t - s + 49 = 0. Let f be (-4)/10*t/(-6). Let m(o) = 0*o**2 + 4*o**2 - 15*o + 14*o. What is m(f)?
3
Let w(i) = -2*i - 16. Let s(m) = -2*m**3 + 24*m**2 - 2*m + 16. Let t be s(12). What is w(t)?
0
Let x(z) = z**2 + 8*z + 10. Suppose -8*h - 12 = -28. Let r be h/(-3) - 8*4/96. Let l be -1*((r - -4) + 4). Determine x(l).
3
Let t(v) = -2*v + 4. Let w be 8*((-33)/44)/(5/5). Determine t(w).
16
Let t(l) = 3*l**3 - 3*l**2 - 11*l + 4. Let a be -1 - (0/(-2))/((-32)/16). Let c(q) = -q**3 - q**2 + q - 1. Let k(b) = a*t(b) - 4*c(b). Calculate k(-6).
-6
Let r(k) = 7*k**2 + 5*k - 13. Let x(j) = -4*j**2 - 3*j + 8. Let u(c) = 2*r(c) + 5*x(c). What is u(2)?
-20
Let s(b) = -3*b**2 + 75*b - 466. Let o be s(12). Let g(y) = y**2 - 4. What is g(o)?
0
Suppose -n + 1 = 2*a - 7, 5*n + 2 = 4*a. Let z(c) = c**n - 6*c - c**3 - 3 - 7*c**2 + c**2. Suppose 3*i + 6 = 6*i, -2*d = 4*i. What is z(d)?
5
Let f(c) = -179*c - 81 + 64*c + 56*c + 56*c. What is f(-15)?
-36
Let u(i) = -24 + 5*i + 69 - 25 - 22. Let p(c) be the first derivative of -c**4/2 - c**2 - 2*c - 34. Let h be p(0). Give u(h).
-12
Let o(f) be the first derivative of -f**5/10 + f**3/6 - 79*f + 20. Let c(n) be the first derivative of o(n). What is c(2)?
-14
Let o be 259/(-37) + 3*5. Let w(m) = -3*m - 12 - 6 + 34 - o. Suppose -5*a + 33 = 2*j - j, -9 = -3*j. What is w(a)?
-10
Let j(g) = 3*g. Let a(m) = 59*m + 350. Let c be a(-6). Give j(c).
-12
Let l(t) = 5758*t**2 - 2*t**3 - 2884*t**2 + 0*t**3 - 5 - 2*t - 2882*t**2 + t**3. Calculate l(-7).
-40
Let q(w) be the third derivative of w**5/60 + 5*w**4/12 + 31*w**3/6 + 290*w**2 - w. Calculate q(-7).
10
Let s(v) be the third derivative of 0 + 0*v**4 + 1/60*v**5 + v**3 + 53*v**2 + 0*v. Give s(-3).
15
Let g(i) be the third derivative of -3*i**4/8 - 5*i**3 + 17*i**2 + 3*i + 10. Calculate g(7).
-93
Let u(a) = -7*a**2 + 2*a - 1. Suppose -13*t - 3876 = -47*t. Suppose -131*o + 34 = -t*o. What is u(o)?
-25
Let u = 55 + -51. Suppose 0 = -u*p + 